osite number?
True
Is 194637659 a composite number?
True
Is 754459213 composite?
False
Is 76441647439 a prime number?
False
Is 204947953 a composite number?
True
Is 5711040431 a composite number?
False
Is 7753206191 a prime number?
True
Is 447259273 composite?
True
Is 29768786899 prime?
True
Is 89742103 a composite number?
True
Is 119581001741 a prime number?
False
Is 134065580651 a prime number?
False
Is 18293735263 a composite number?
False
Is 8872404157 composite?
False
Is 1693284661 a composite number?
True
Is 154814723 a prime number?
False
Is 1597706939 prime?
False
Is 11870393459 a prime number?
True
Is 18820913569 a composite number?
False
Is 1667493727 a composite number?
False
Is 1607085737 prime?
False
Is 3034117666 a prime number?
False
Is 1361822299 prime?
True
Is 7065044821 a composite number?
False
Is 26247109529 prime?
False
Is 120451717 a prime number?
True
Is 61340626929 prime?
False
Is 2446955383 a composite number?
False
Is 6575858647 composite?
False
Is 7336445297 a prime number?
True
Is 3738398663 a composite number?
True
Is 4466401729 composite?
False
Is 228526715597 a composite number?
False
Is 719102379 composite?
True
Is 100507597 composite?
False
Is 9077083 a composite number?
False
Is 3217995745 prime?
False
Is 16810753469 a prime number?
False
Is 132648895 composite?
True
Is 31630058059 a composite number?
False
Is 12049362059 prime?
False
Is 2141732167 a prime number?
True
Is 126505697 composite?
False
Is 41395631 a composite number?
True
Is 109805743 composite?
False
Is 14558455943 composite?
True
Is 16353769 prime?
True
Is 64564513 a composite number?
True
Is 7425963821 prime?
False
Is 1295749939 composite?
True
Is 18329518663 prime?
False
Is 1044076499 a prime number?
True
Is 4886533501 a prime number?
False
Is 2304572531 prime?
True
Is 3027413101 prime?
True
Is 27400155499 a prime number?
False
Is 4445878693 a composite number?
False
Is 154479982 a prime number?
False
Is 427622317 a prime number?
True
Is 85398733831 composite?
True
Is 12051868711 composite?
False
Is 2696240507 composite?
False
Is 3780464729 prime?
True
Is 4701161617 a prime number?
True
Is 21849230681 prime?
True
Is 249584557 composite?
False
Is 330516811 a composite number?
True
Is 29129236189 a composite number?
True
Is 103194818581 prime?
True
Is 34386318497 a composite number?
True
Is 1136023169 composite?
True
Is 706034363 a composite number?
True
Is 124874389 a prime number?
True
Is 4652419711 prime?
True
Is 338568317 a composite number?
True
Is 681841351 composite?
False
Is 8745197891 a prime number?
False
Is 608153941 a prime number?
False
Is 165643805451 prime?
False
Is 7311290543 a prime number?
False
Is 4896817571 a composite number?
False
Is 1833477209 a prime number?
False
Is 18221453881 a prime number?
False
Is 1870224535 a prime number?
False
Is 775533953 a prime number?
False
Is 110588743229 a composite number?
True
Is 3191303069 a prime number?
False
Is 48083059 composite?
False
Is 20272764379 a composite number?
True
Is 2528336697 composite?
True
Is 210829193 a composite number?
True
Is 754200442 a composite number?
True
Is 74920591657 a prime number?
False
Is 37980406693 composite?
True
Is 6152590319 a composite number?
True
Is 9447108833 composite?
False
Is 249813269 a prime number?
True
Is 28922778389 a composite number?
False
Is 1341532889 composite?
False
Is 8477110165 a composite number?
True
Is 1350957151 composite?
False
Is 44269608077 composite?
False
Is 38178744031 a composite number?
True
Is 729175367 a composite number?
False
Is 14523729049 composite?
False
Is 13321092637 a composite number?
False
Is 21433084133 a composite number?
False
Is 562058447 prime?
False
Is 946355383 prime?
False
Is 599545967 a composite number?
False
Is 9215341439 prime?
True
Is 4856779903 composite?
False
Is 11968711589 a composite number?
True
Is 554184223 a composite number?
True
Is 2759234369 prime?
True
Is 2311794631 a prime number?
True
Is 87832634881 a prime number?
True
Is 1027046827 a composite number?
True
Is 41375951 a prime number?
False
Is 279925067 composite?
False
Is 1019178133 a composite number?
False
Is 19296503 a composite number?
True
Is 532607935 prime?
False
Is 2645976547 a composite number?
True
Is 41427365803 a prime number?
False
Is 6407916883 a composite number?
True
Is 62698972013 prime?
True
Is 287932189 composite?
True
Is 304839947 prime?
False
Is 4525651409 composite?
False
Is 5292239437 composite?
False
Is 4198728073 composite?
False
Is 2507557133 composite?
False
Is 6549057653 a composite number?
True
Is 10913065121 a composite number?
True
Is 869228917 prime?
True
Is 47810562377 a composite number?
True
Is 4573245895 a composite number?
True
Is 1209827587 a prime number?
True
Is 8318053955 a prime number?
False
Is 1046029 a prime number?
True
Is 290809331 a prime number?
True
Is 18432204757 composite?
False
Is 7974861703 a prime number?
True
Is 26804813453 a prime number?
False
Is 78473276237 a composite number?
False
Is 42156479819 a composite number?
False
Is 7311447593 a composite number?
False
Is 32724107327 prime?
False
Is 4626800471 a prime number?
False
Is 1307631335 prime?
False
Is 6158193343 a composite number?
False
Is 7970510213 composite?
True
Is 13030949551 a composite number?
True
Is 59059459111 composite?
False
Is 88319789 a composite number?
False
Is 6513103 prime?
True
Is 13176092495 a composite number?
True
Is 10516529299 a prime number?
True
Is 2437315163 a composite number?
True
Is 116069771869 composite?
False
Is 2395420129 composite?
False
Is 81626159 prime?
True
Is 256258753 prime?
True
Is 3346023953 a composite number?
True
Is 776803631 prime?
False
Is 3426612379 a composite number?
True
Is 2133806141 composite?
True
Is 15743841187 a composite number?
False
Is 100419568181 a prime number?
False
Is 18481037659 composite?
True
Is 1217412643 prime?
True
Is 53601095017 prime?
True
Is 6573911191 prime?
True
Is 1512275389 prime?
True
Is 23345582159 composite?
False
Is 1296393071 prime?
False
Is 40227854677 composite?
True
Is 15695737 composite?
False
Is 465631637 composite?
False
Is 32203912907 a composite number?
True
Is 13040120239 composite?
False
Is 233270963 prime?
False
Is 41602369531 a composite number?
True
Is 29857084843 composite?
True
Is 1901412791 prime?
False
Is 56165299 a prime number?
True
Is 1629393349 a composite number?
False
Is 38860544563 a composite number?
False
Is 444940733 a composite number?
True
Is 206992399 composite?
True
Is 454827239 a composite number?
False
Is 1167498091 prime?
False
Is 5679203809 prime?
False
Is 1527576961 prime?
False
Is 7538309003 a prime number?
True
Is 34863025411 composite?
True
Is 1070018619 prime?
False
Is 189358168723 a composite number?
True
Is 102413106935 a prime number?
False
Is 408550178035 composite?
True
Is 1410307161 a composite number?
True
Is 17353671411 a prime number?
False
Is 49777867 composite?
False
Is 483170263 a composite number?
True
Is 18642104203 a prime number?
True
Is 2389062797 a composite number?
True
Is 750469387 a composite number?
False
Is 334939523 prime?
True
Is 21528762367 a composite number?
True
Is 2279136571 composite?
False
Is 2265887167 a composite number?
True
Is 124383160214 composite?
True
Is 28131063781 prime?
True
Is 556030447 composite?
True
Is 1796194567 a prime number?
True
Is 74460031 a composite number?
True
Is 5020536947 a prime number?
True
Is 179215541 prime?
True
Is 3044510363 prime?
True
Is 34503287129 composite?
False
Is 328452641 a composite number?
True
Is 241235783 prime?
True
Is 838186241 prime?
False
Is 600345749 a composite number?
True
Is 26035024123 a prime number?
False
Is 7896362471 prime?
True
Is 93432216467 a composite number?
False
Is 2741165951 a prime number?
True
Is 2177290763 prime?
False
Is 7637592619 composite?
True
Is 644373563 a composite number?
True
Is 394168727 a prime number?
False
Is 1663337413 prime?
False
Is 31287489043 composite?
False
Is 1855861851 a prime number?
False
Is 2383664501 a prime number?
False
Is 93926212387 prime?
False
Is 113673019 prime?
True
Is 119726039 a composite number?
False
Is 9517590109 composite?
False
Is 13048181179 prime?
False
Is 86542464287 a prime number?
True
Is 13620109357 prime?
True
Is 23505995333 prime?
True
Is 36